1222012 (base 3) to base 12
-285465
Convert -523534 (base 6) to base 15.
-c817
Convert -3301301300 (base 4) to base 15.
-148665
10101232 (base 5) to base 15
191e7
Convert 50355 (base 12) to base 4.
121123301
What is -1021020121012011 (base 3) in base 8?
-105330557
What is 225202 (base 7) in base 4?
21310213
341025 (base 6) to base 12
14775
What is 572c13 (base 13) in base 9?
3783603
Convert -6902b (base 13) to base 6.
-4033024
10000011100001110 (base 2) to base 16
1070e
Convert 12122102022102 (base 3) to base 2.
1011011100011011111110
11261113 (base 7) to base 13
288592
Convert -3381a (base 11) to base 3.
-2111002022
Convert 5064700 (base 10) to base 2.
10011010100011111111100
What is -10000000010001001100 (base 2) in base 16?
-8044c
Convert -47372636 (base 8) to base 11.
-59306a7
Convert -23a4a (base 15) to base 11.
-7846a
Convert -1443534 (base 6) to base 7.
-466204
What is -28583 (base 12) in base 9?
-84870
Convert 110110100111101110 (base 2) to base 13.
7aaa9
What is -10110010000000001110 (base 2) in base 7?
-6124443
-2502164 (base 8) to base 5
-134024033
Convert -6dd7b (base 15) to base 7.
-2660231
-100224354 (base 6) to base 11
-a60343
-2053131 (base 6) to base 13
-36985
Convert -756062 (base 8) to base 3.
-110212000120
What is 1525552 (base 8) in base 15?
8979d
Convert -303032231 (base 4) to base 14.
-56685
What is 11686a8 (base 13) in base 5?
2334410241
What is 2042250 (base 6) in base 5?
11132110
What is 113173 (base 10) in base 6?
2231541
-500102 (base 6) to base 7
-221315
-31445152 (base 6) to base 9
-1657315
Convert -11411404332 (base 5) to base 8.
-63044474
What is 11000101110111000000 (base 2) in base 10?
810432
136490 (base 10) to base 5
13331430
-6088a (base 11) to base 7
-520135
Convert 1401456 (base 8) to base 10.
394030
Convert -251821 (base 9) to base 7.
-1203010
Convert -99073 (base 12) to base 10.
-202263
-38826 (base 12) to base 4
-102312132
What is -8c8988 (base 15) in base 6?
-355504245
Convert 66840 (base 11) to base 8.
275114
What is -130330030002 (base 4) in base 9?
-15242723
-15533154 (base 6) to base 5
-120303302
156754 (base 11) to base 10
243148
237376 (base 9) to base 6
3022540
What is 945391 (base 13) in base 11?
1a591a5
-1004153132 (base 6) to base 4
-213031211300
What is -68326 (base 9) in base 15?
-d710
Convert -10124302 (base 5) to base 10.
-83077
Convert 97117 (base 10) to base 13.
35287
Convert -111100100011000 (base 2) to base 15.
-92ba
What is b1938 (base 15) in base 16?
89498
Convert -13012213023 (base 4) to base 10.
-1862091
Convert 4701a1 (base 13) to base 10.
1685399
Convert 15232501 (base 6) to base 13.
158959
638594 (base 10) to base 7
5266535
Convert -31226124 (base 7) to base 15.
-36dd99
-401045143 (base 6) to base 2
-11001110101001011110111
What is -31620431 (base 7) in base 13?
-734387
-3c455 (base 16) to base 5
-30344434
Convert -656672 (base 9) to base 14.
-a2c1a
-276274 (base 8) to base 13
-35497
What is -34331 (base 11) in base 10?
-49644
1331325 (base 6) to base 2
10010000111100101
What is -4553116 (base 7) in base 13?
-16b544
Convert -4406610 (base 7) to base 10.
-540183
What is -27445627 (base 8) in base 2?
-10111100100101110010111
Convert -10260723 (base 8) to base 16.
-2161d3
Convert -1388e (base 15) to base 7.
-350516
What is 1540448 (base 9) in base 11?
533106
-353653 (base 7) to base 9
-106444
What is -11101100210 (base 3) in base 15?
-1a876
What is -1213100 (base 5) in base 16?
-5974
What is 50418 (base 12) in base 14?
2a004
Convert -4453020 (base 7) to base 14.
-104a80
Convert -120222020001010 (base 3) to base 10.
-8487777
Convert 10454013 (base 8) to base 5.
1034011023
Convert -123380 (base 16) to base 10.
-1192832
What is 1101310333 (base 4) in base 10?
335167
What is 2436043 (base 7) in base 11?
1a3301
Convert 167852 (base 13) to base 15.
b0b72
What is dc80 (base 16) in base 8?
156200
10430034 (base 6) to base 16
4ce46
136641 (base 8) to base 12
24115
What is -648837 (base 10) in base 3?
-1012222001000
-5e10ec (base 15) to base 3
-22111002111020
Convert -1100110001110100100111 (base 2) to base 11.
-1988832
Convert a8642 (base 13) to base 4.
1022101332
101231033230 (base 4) to base 13
c66a15
Convert 446442 (base 8) to base 13.
53855
Convert 1a1730 (base 14) to base 5.
214114032
What is -369ca (base 14) in base 15?
-29904
-40110505 (base 7) to base 8
-14507736
-1003014 (base 8) to base 2
-1000000011000001100
Convert -158222 (base 11) to base 10.
-245170
What is -20ab239 (base 13) in base 2?
-100110000000100100000101
What is -315d08 (base 16) in base 13?
-893664
Convert -3420301 (base 6) to base 15.
-3674d
Convert -4656092 (base 10) to base 13.
-c703ac
-3204350 (base 6) to base 2
-100110001101101010
What is -442561 (base 7) in base 5?
-4442211
What is -14ba101 (base 13) in base 7?
-110336530
Convert -4a71251 (base 11) to base 8.
-41445146
Convert -1b3237 (base 15) to base 3.
-2111102010121
323430243 (base 5) to base 12
5700b4
Convert 13023 (base 8) to base 7.
22322
-1111111010010111 (base 2) to base 11
-44a70
-5a65a8 (base 11) to base 2
-11101010011101110110
What is -22514 (base 16) in base 5?
-13444224
-632856 (base 13) to base 7
-25466454
What is 52a29 (base 13) in base 12?
72224
-1015404 (base 6) to base 15
-e88a
What is 1021121020 (base 3) in base 11?
17a51
-191f92 (base 16) to base 10
-1646482
What is -70760 (base 12) in base 6?
-3045000
-244233 (base 9) to base 7
-1152612
Convert -2051554 (base 6) to base 13.
-36805
What is 100200222201210 (base 3) in base 7?
61555155
111010111110111011111 (base 2) to base 9
3565228
What is -20022210110000 (base 3) in base 6?
-200015343
101011110100111101 (base 2) to base 10
179517
20012101102202 (base 3) to base 10
3294668
Convert -271d7 (base 15) to base 5.
-13002202
What is 7797a (base 12) in base 16?
26bae
What is 6150365 (base 8) in base 11?
a109a7
8183b (base 16) to base 13
157600
Convert -60795 (base 10) to base 9.
-102350
What is 237a (base 13) in base 6?
35054
Convert -1a0a55 (base 16) to base 7.
-20335312
-6b31b5 (base 12) to base 3
-10020201101102
What is -103221012 (base 4) in base 5?
-10033304
12d4a3 (base 14) to base 16
9eff7
Convert -92181 (base 12) to base 7.
-1421605
24525545 (base 6) to base 8
3005411
What is -1212210022 (base 3) in base 13?
-13b11
Convert -2032312123 (base 4) to base 11.
-36a673
What is 20272622 (base 8) in base 3?
22001221200121
10b2b (base 16) to base 2
10000101100101011
Convert -cb152 (base 15) to base 2.
-10011101011100111111
a72999 (base 11) to base 13
4815bb
-adb9c (base 14) to base 11
-269171
Convert -30136 (base 7) to base 5.
-213104
-3210002203 (base 4) to base 8
-3440243
-2977a (base 12) to base 5
-3330001
What is 2030140 (base 9) in base 14?
2027c6
Convert -12a51a5 (base 12) to base 8.
-16072315
What is -71b07d (base 16) in base 15?
-9c2969
Convert cde7d1 (base 15) to base 11.
55a7711
331200002 (base 4) to base 8
754002
Convert 101010130111 (base 4) to base 16.
444715
Convert -52807 (base 11) to base 8.
-226052
What is 133031121 (base 4) in base 8?
371531
What is 46171210 (base 8) in base 4?
212033022020
What is 500043 (base 12) in base 7?
13401303
20102001010 (base 3) to base 6
2412003
2159272 (base 10) to base 16
20f2a8
What is -300130201 (base 4) in base 15?
-3dbdd
-7b109 (base 12) to base 9
-270350
Convert -87c8c (base 13) to base 3.
-110111110112
Convert -3a02d (base 14) to base 15.
-2c454
Convert -1280452 (base 9) to base 4.
-2223132332
Convert 12102212332 (base 4) to base 11.
a26a8a
-223244212 (base 5) to base 10
-993682
126614 (base 7) to base 12
11a58
Convert -1034334041 (base 5) to base 15.
-2ea24b
What is -15346 (base 13) in base 11?
-28155
Convert -266073 (base 13) to base 15.
-134b03
14cb82 (base 14) to base 2
10110001011010011110
Convert -12233212200 (base 4) to base 13.
-49b879
Convert 223101103 (base 5) to base 4.
3301020011
Convert -1425225 (base 10) to base 7.
-15054114
Convert -26bac1 (base 15) to base 8.
-7064650
Convert -103200130 (base 6) to base 14.
-35ab30
30131113 (base 4) to base 16
c757
-4190a (base 11) to base 6
-1150214
Convert 9617 (base 12) to base 3.
211112201
Convert 1113081 (base 9) to base 16.
9250f
-267267 (base 8) to base 10
-93879
What is -3e162 (base 15) in base 14?
-5297c
Convert 423124340 (base 5) to base 12.
714797
What is 74503 (base 12) in base 